 is divided by (-3)/(6/11)*-2?
10
Suppose -9 = 3*q, -4*b + 0 + 10 = 2*q. Suppose -f = -b*f + 36. What is the remainder when 22 is divided by f?
10
Suppose -8*q = -345 - 7. Calculate the remainder when q is divided by 8.
4
Suppose -5*t - c = -15, -5*t - 3*c = -0*t - 5. Suppose -3*s = s - t. Calculate the remainder when (6*6)/s + -3 is divided by 12.
9
Suppose -6 + 1 = 3*r - 4*h, -r + 2*h - 1 = 0. What is the remainder when 213/5 + r/5 is divided by 11?
9
Suppose -9*s + 6*s = -123. Calculate the remainder when s is divided by 14.
13
Let r be (0 - (-4)/(-2))*24. Let o = r + 100. Suppose 0 = -2*t - 0*k - 2*k + o, 5*k + 26 = t. What is the remainder when t is divided by 7?
5
Let g = -99 - -116. Calculate the remainder when 67 is divided by g.
16
Let k = 5 - -121. Suppose k = l + l. Suppose 6 = -3*a + l. Calculate the remainder when a is divided by 5.
4
Calculate the remainder when 39 is divided by -3*(-10)/15 + 6.
7
Let j(h) = -h**2 - 14*h - 14. What is the remainder when j(-12) is divided by 4?
2
Let c be 0 + (-2)/(-2) - -1. Suppose c*j + 33 = 3*h - 3*j, 0 = 5*h - j - 33. What is the remainder when 10 is divided by h?
4
Let s(l) = l**3 + 5*l**2 - 3*l - 2. Let c(w) = -w**3 - 6*w**2 + 4*w + 4. Calculate the remainder when c(-7) is divided by s(-5).
12
Suppose -3*y + 7*y - 16 = 0. Suppose 0 = 3*w - 6 - 0. What is the remainder when 26 is divided by -1 + (17 - y/w)?
12
Suppose -4*v + 13 = -n, n + 0*n - 19 = -4*v. Calculate the remainder when 36 is divided by (-1 - 0)*(-17 + v).
10
Let d(j) = -6*j + 12. Let x(b) = b - 1. Let m(c) = -2*d(c) - 20*x(c). Let f be m(-7). Suppose f - 7 = 5*s. What is the remainder when 15 is divided by s?
6
Let d(g) = g + 29. Let s(a) = a**2 + 5*a + 9. Let b be s(-8). Let k = b - 18. Calculate the remainder when d(0) is divided by k.
14
Let o(l) be the second derivative of l**4/4 + l**3/3 + 2*l**2 - 2*l. Calculate the remainder when o(-3) is divided by 7.
4
Suppose 0*l - 8 = -4*l. Suppose 5*v = n + v - l, -n + 2*v = -10. What is the remainder when n is divided by 7?
4
Let b(s) = -s**3 + 11*s**2 - 9*s + 1. Calculate the remainder when 21 is divided by b(10).
10
Suppose 2*g + 0 = -l + 10, 10 = 2*g - 5*l. Suppose -435 = -g*h - 170. What is the remainder when h is divided by 28?
25
Calculate the remainder when (3/(30/28))/(20/400) is divided by 12.
8
Let q(y) = -5*y - 30. Let r(n) = -2*n - 3. Calculate the remainder when r(-6) is divided by q(-7).
4
Let j(f) = -f**2 + 4*f + 7. Let r(g) = g**3 - 3*g**2 - 2*g - 5. Calculate the remainder when j(4) is divided by r(4).
1
Suppose v = 2*v - 4*r + 26, v + 3*r = -26. Let h be ((-27)/6 - -3)*38. Let c = v - h. Calculate the remainder when c is divided by 17.
14
Suppose -4*l - 13 - 11 = 0. Let j = 2 - l. Calculate the remainder when 44/3 + 2/6 is divided by j.
7
Suppose 14*p + 159 = 17*p. What is the remainder when p is divided by 14?
11
Suppose -2*v = -3*p - 18, 5*p + 9*v = 4*v - 5. What is the remainder when 81 is divided by (7/4)/(p/(-48))?
18
Let c = 133 + -113. What is the remainder when 37 is divided by c?
17
Let h = -2 - -61. Let f(m) = -2*m + 3. Calculate the remainder when h is divided by f(-6).
14
Let l be 2/11 + 4/(-22). Suppose -5*j + l*h = -4*h - 88, 74 = 4*j - 5*h. Suppose n - 3*n = -j. Calculate the remainder when 14 is divided by n.
6
Suppose -44 = -4*c - 0*c. Calculate the remainder when 54 is divided by c.
10
Calculate the remainder when 60 is divided by ((-8)/(-2) - 5)*38/(-2).
3
Suppose -5*x = -15, -3*x = 2*o - 0*x - 21. Suppose 0 = -q + o*b - 3*b + 58, b = 3*q - 174. Calculate the remainder when q is divided by 20.
18
Suppose 2*f - 5*o - 14 = 0, -3*o = -16 + 4. What is the remainder when 28 is divided by f?
11
Suppose j = 6*j. Suppose -5*v + 153 - 63 = j. What is the remainder when 35 is divided by v?
17
Suppose -w - 15 = -4*w. Suppose -z - 5*d - 131 = 0, 0 = 5*z - w*d - 0*d + 775. Let p = -106 - z. What is the remainder when p is divided by 23?
22
Let l(x) = x**3 + 12*x**2 - 15*x - 8. What is the remainder when 51 is divided by l(-13)?
15
Let y(j) = -j**2 - 10*j + 18. Calculate the remainder when 132 is divided by y(-9).
24
Suppose 2*y + 5*a - 66 = 2*a, a + 50 = 2*y. Let x = y + -12. Calculate the remainder when x is divided by 20/3 + (-96)/36.
3
Suppose -5*w + 4 = -36. Let h(c) = 4*c**2 - 3*c + 3. Calculate the remainder when h(3) is divided by w.
6
Suppose 378 = 5*u - 32. Let y be 6/(-14) + (-114)/(-21). Suppose y*m - 53 = -3*n, -6*n + m = -2*n - 86. Calculate the remainder when u is divided by n.
19
Let n be 0/9 - (0 - 0). Suppose n = 5*p - 8*p. Suppose -a + 3*a = -3*m + 176, p = -4*m + a + 231. What is the remainder when m is divided by 20?
18
Suppose -2*s + 4*s - 3*r = 8, -8 = -2*s - 3*r. Calculate the remainder when 0/(s - 1) + 41 is divided by 21.
20
What is the remainder when (-48)/(-168) + 166/7 + 0 is divided by 9?
6
Let x = 79 - 50. What is the remainder when x is divided by 14 - (4/(-2))/2?
14
Suppose 5*a + 3*d - 3 + 4 = 0, -d - 3 = -a. Let i(m) = 5*m**2 - m + 1. Let g be i(a). Suppose 0 = -g*z + 107 + 8. What is the remainder when z is divided by 12?
11
Let q(a) = -a**2 - 13*a + 2. What is the remainder when 0/(-8) + 25/1 is divided by q(-12)?
11
Let l = -6 + 9. Suppose 6 = -l*h + 4*h. What is the remainder when h is divided by 4?
2
Calculate the remainder when 17 is divided by (-2)/4 + (-195)/(-26).
3
Suppose 3*u + 2*w = 2, w = 3*w + 10. Let n = 58 - u. What is the remainder when n is divided by 14?
12
Let k(q) = -6*q**2 + 26*q + 6. Let b(g) = -2*g**2 + 9*g + 2. Let x(p) = 11*b(p) - 4*k(p). Calculate the remainder when x(4) is divided by 4.
2
Let g(i) = i + 9. Let y be g(-4). Suppose x - y*x = -484. Calculate the remainder when x is divided by 31.
28
Let z(a) = 2*a - 14. Let r = -22 + 32. Let q be z(r). What is the remainder when 23 is divided by ((-2)/5)/(q/(-120))?
7
Let i = -44 + 62. Calculate the remainder when 15 is divided by 18/81 + 140/i.
7
Suppose 111 = 5*d + 3*m, d + 4*m - 27 - 2 = 0. What is the remainder when 35 is divided by d?
14
Suppose 0 = -5*y + 321 - 76. Calculate the remainder when y is divided by 64/160 + (-166)/(-10).
15
Suppose -6*z = -z - 3*r - 122, z + 5*r - 2 = 0. Calculate the remainder when 65 is divided by z.
21
Let i = -25 - -68. Calculate the remainder when 84 is divided by i.
41
Suppose -4*i - i + 55 = 0. Calculate the remainder when 42 is divided by i.
9
Let q = -38 - -5. Let j = 47 + q. What is the remainder when 54 is divided by j?
12
Suppose 6*u = u + 55. What is the remainder when 34 is divided by u?
1
Let b be 1/(4*(-2)/(-96)). Let v = 7 + b. Calculate the remainder when v is divided by 10.
9
Let l = 10 - -23. What is the remainder when 162 is divided by l?
30
Suppose -5*v + 33 = 3*c, 2*v = 5*v - 2*c - 16. Suppose -2*s + 4 = v. Calculate the remainder when 3 + 21 - s/(-1) is divided by 12.
11
Let s = -1 + 6. Suppose -77 = -s*w + 138. Suppose -2*h + 13 = u - 0*u, -4*u + h + w = 0. What is the remainder when 31 is divided by u?
9
Suppose -3 + 2 = r. Let c(f) = -f**3 - f**2 + 2*f. Calculate the remainder when c(-4) is divided by r/(-3 - 248/(-84)).
19
Let v = -1 + 5. Let y = -6 + 8. Calculate the remainder when v is divided by y.
0
Let g = -10 - -14. Suppose 0 = -4*y + f + g*f + 103, -4*f = 5*y - 139. Calculate the remainder when y is divided by 14.
13
Calculate the remainder when 83 is divided by 3 + -4 - (-41 - 2).
41
Let z(b) = 4*b - 9. Calculate the remainder when 17 is divided by z(5).
6
Let s(l) = -l**2 + 2*l + 117. Calculate the remainder when s(0) is divided by 15.
12
Let o(k) = k**3 + 4*k**2 - 2*k + 3. Calculate the remainder when 40 is divided by o(-4).
7
Suppose 0 = -2*n + 35 + 59. Suppose -4*o = 39 - 367. Let u = o - n. Calculate the remainder when u is divided by 18.
17
Calculate the remainder when (-2 - 189/(-6))*2 is divided by 31.
28
Let d(h) = h**2 - 5*h + 7. Let p be 3/6*-34 + 3. Let u = -7 - p. What is the remainder when 39 is divided by d(u)?
18
Let s(t) = t**3 - 32*t**2 + 6*t - 57. What is the remainder when s(32) is divided by 17?
16
Let q(d) = -d**3 + 8*d**2 - 6*d - 3. Calculate the remainder when 4 is divided by q(7).
0
Suppose -2*o + 10 - 67 = -5*i, 3*i + 4*o = 29. Calculate the remainder when i is divided by 6.
5
Let l = 1 - -11. Calculate the remainder when 308/9 + 2/(-9) is divided by l.